s the remainder when 104180 is divided by 5475?
155
Calculate the remainder when 15411 is divided by 5132.
15
Calculate the remainder when 24637 is divided by 182.
67
What is the remainder when 343112 is divided by 171532?
48
Calculate the remainder when 6793 is divided by 2255.
28
Calculate the remainder when 38455 is divided by 136.
103
Calculate the remainder when 648979 is divided by 338.
19
Calculate the remainder when 19414 is divided by 599.
246
Calculate the remainder when 55775 is divided by 546.
83
Calculate the remainder when 178995 is divided by 71.
4
What is the remainder when 1394952 is divided by 29?
23
Calculate the remainder when 7172 is divided by 2385.
17
Calculate the remainder when 16625 is divided by 13.
11
What is the remainder when 8275 is divided by 17?
13
Calculate the remainder when 2484 is divided by 994.
496
What is the remainder when 211731 is divided by 183?
0
What is the remainder when 10164 is divided by 279?
120
What is the remainder when 27552 is divided by 15?
12
Calculate the remainder when 4027 is divided by 269.
261
Calculate the remainder when 34216 is divided by 181.
7
What is the remainder when 4400 is divided by 2173?
54
Calculate the remainder when 7816 is divided by 655.
611
Calculate the remainder when 23587 is divided by 9.
7
Calculate the remainder when 614 is divided by 467.
147
Calculate the remainder when 1310 is divided by 28.
22
Calculate the remainder when 535 is divided by 259.
17
What is the remainder when 32072 is divided by 35?
12
What is the remainder when 1261 is divided by 562?
137
What is the remainder when 9526 is divided by 216?
22
Calculate the remainder when 2521 is divided by 79.
72
Calculate the remainder when 12572489 is divided by 38.
37
What is the remainder when 12309 is divided by 833?
647
Calculate the remainder when 61947 is divided by 20644.
15
Calculate the remainder when 3968 is divided by 29.
24
Calculate the remainder when 1073 is divided by 85.
53
What is the remainder when 19119 is divided by 617?
609
Calculate the remainder when 25227 is divided by 4199.
33
What is the remainder when 3978 is divided by 395?
28
What is the remainder when 119542 is divided by 204?
202
Calculate the remainder when 202365 is divided by 31.
28
Calculate the remainder when 77312 is divided by 1266.
86
What is the remainder when 1112 is divided by 24?
8
What is the remainder when 3027 is divided by 877?
396
What is the remainder when 264021 is divided by 40?
21
Calculate the remainder when 836 is divided by 32.
4
Calculate the remainder when 24298 is divided by 421.
301
Calculate the remainder when 103989 is divided by 500.
489
What is the remainder when 4777 is divided by 2294?
189
What is the remainder when 156438 is divided by 52?
22
Calculate the remainder when 4820 is divided by 1359.
743
Calculate the remainder when 1044 is divided by 301.
141
Calculate the remainder when 11420 is divided by 24.
20
What is the remainder when 53758 is divided by 48?
46
Calculate the remainder when 19778 is divided by 6584.
26
Calculate the remainder when 23771 is divided by 7638.
857
What is the remainder when 27619 is divided by 120?
19
What is the remainder when 3299 is divided by 178?
95
Calculate the remainder when 4971 is divided by 2401.
169
Calculate the remainder when 443676 is divided by 7.
2
What is the remainder when 8070 is divided by 1345?
0
Calculate the remainder when 137429 is divided by 44.
17
Calculate the remainder when 2038 is divided by 105.
43
Calculate the remainder when 34648 is divided by 8662.
0
Calculate the remainder when 11626 is divided by 102.
100
What is the remainder when 189416 is divided by 187?
172
What is the remainder when 11931 is divided by 1987?
9
What is the remainder when 992492 is divided by 186?
182
What is the remainder when 230793 is divided by 243?
186
What is the remainder when 4219011 is divided by 212?
211
What is the remainder when 60668 is divided by 99?
80
Calculate the remainder when 3746 is divided by 375.
371
What is the remainder when 11566 is divided by 8?
6
What is the remainder when 3142 is divided by 164?
26
Calculate the remainder when 63245 is divided by 250.
245
Calculate the remainder when 6366 is divided by 186.
42
What is the remainder when 801108 is divided by 1403?
1398
Calculate the remainder when 75620 is divided by 31.
11
Calculate the remainder when 7274 is divided by 3493.
288
What is the remainder when 52649 is divided by 45?
44
Calculate the remainder when 18675 is divided by 3726.
45
What is the remainder when 81675 is divided by 1317?
21
Calculate the remainder when 3684 is divided by 3677.
7
Calculate the remainder when 50839 is divided by 84.
19
Calculate the remainder when 18891 is divided by 150.
141
What is the remainder when 60666 is divided by 523?
521
Calculate the remainder when 16692 is divided by 80.
52
What is the remainder when 134449 is divided by 67212?
25
What is the remainder when 29819 is divided by 35?
34
What is the remainder when 159053 is divided by 1940?
1913
What is the remainder when 221431 is divided by 59?
4
Calculate the remainder when 1678 is divided by 42.
40
Calculate the remainder when 15409 is divided by 7656.
97
What is the remainder when 293983 is divided by 12?
7
Calculate the remainder when 302416 is divided by 840.
16
What is the remainder when 4115 is divided by 281?
181
Calculate the remainder when 32937 is divided by 54.
51
What is the remainder when 349973 is divided by 116653?
14
What is the remainder when 74366 is divided by 12341?
320
Calculate the remainder when 21458 is divided by 7130.
68
Calculate the remainder when 59693 is divided by 62.
49
What is the remainder when 255237 is divided by 60?
57
Calculate the remainder when 15969 is divided by 5218.
315
What is the remainder when 16228 is divided by 8107?
14
What is the remainder when 224365 is divided by 316?
5
What is the remainder when 2426074 is divided by 670?
4
Calculate the remainder when 8747 is divided by 144.
107
What is the remainder when 131705 is divided by 38?
35
Calculate the remainder when 6390 is divided by 404.
330
Calculate the remainder when 472 is divided by 198.
76
Calculate the remainder when 68884 is divided by 34439.
6
Calculate the remainder when 35966 is divided by 4.
2
What is the remainder when 9748 is divided by 506?
134
What is the remainder when 23883 is divided by 4?
3
What is the remainder when 99337 is divided by 581?
567
What is the remainder when 71065 is divided by 31?
13
Calculate the remainder when 3539 is divided by 155.
129
What is the remainder when 876 is divided by 319?
238
Calculate the remainder when 361727 is divided by 361720.
7
What is the remainder when 491 is divided by 189?
113
Calculate the remainder when 9129 is divided by 4526.
77
What is the remainder when 9523 is divided by 142?
9
Calculate the remainder when 6941 is divided by 535.
521
What is the remainder when 2507 is divided by 1168?
171
What is the remainder when 32217 is divided by 73?
24
What is the remainder when 11487 is divided by 137?
116
Calculate the remainder when 3332 is divided by 2098.
1234
What is the remainder when 4442 is divided by 228?
110
What is the remainder when 61257 is divided by 111?
96
What is the remainder when 6420091 is divided by 237?
235
What is the remainder when 97685 is divided by 197?
170
Calculate the remainder when 1828172 is divided by 13.
8
Calculate the remainder when 14495 is divided by 976.
831
Calculate the remainder when 2614 is divided by 72.
22
What is the remainder when 7827 is divided by 287?
78
Calculate the remainder when 4681 is divided by 778.
13
What is the remainder when 9703 is divided by 248?
31
What is the remainder when 8597 is divided by 144?
101
What is the remainder when 16892 is divided by 8392?
108
Calculate the remainder when 30934 is divided by 322.
22
What is the remainder when 24185 is divided by 418?
359
Calculate the remainder when 627 is divided by 99.
33
Calculate the remainder when 7483 is divided by 1863.
31
What is the remainder when 330804 is divided by 14?
12
Calculate the remainder when 2048 is divided by 306.
212
What is the remainder when 54485 is divided by 177?
146
What is the remainder when 10682 is divided by 426?
32
What i